What is the tens digit of (w - 16)/(-1*2)?
1
Suppose -6*o + 10 = -o. Suppose m = 2*m + o. Let r = m + 4. What is the units digit of r?
2
Let v(k) be the third derivative of 0*k - 1/3*k**3 - 7/24*k**4 + 0 + 2*k**2 - 1/60*k**5. What is the tens digit of v(-3)?
1
Let v = 3 + -2. Let r = v + 22. What is the units digit of r?
3
Suppose -2*w + 7 = 5. Suppose 2*f - w = 5. What is the units digit of f?
3
Let n(f) = f**2 + f + 1. Let o be 0 + (1 + 1 - 4). Let c be n(o). Suppose -4*d - q = -c*q - 2, 0 = -q + 1. What is the units digit of d?
1
Let j(c) = -c - 4. Let k be j(-2). Let u be k/3 + (-26)/(-3). Let o(v) = v**2 - 7*v - 3. What is the units digit of o(u)?
5
Suppose 5*w - 17 = -3*y, -2 = -w - 3*y + y. Suppose 5*t - 12 = -n, -9 + 3 = 2*t + w*n. What is the units digit of 1/t*(1 + 14)?
5
Let u = -28 - -41. Suppose 2*g + u = -3*p - 2*g, -2*p + g = -6. What is the tens digit of p + 0 + (-30)/(-3)?
1
Let v(q) = 59*q**2 - 3*q + 2. What is the tens digit of v(1)?
5
Suppose 2 = 7*w - 5*w. What is the tens digit of (-23 + w)/(6/(-3))?
1
Suppose 0*n - 48 = -3*n. What is the tens digit of n?
1
Let w(z) be the second derivative of -z**4/12 + 5*z**3/6 + 4*z. What is the units digit of w(4)?
4
Let n = 63 - 28. Suppose 4*l = -r + n, -3*r - r = 2*l. What is the tens digit of l?
1
Suppose -3*c + 2*k = -43, 0 = c + 3*c + 3*k - 29. Suppose 4 = 5*o - c. What is the units digit of (-76)/(-8) - o/2?
8
Let g(s) = -s**3 + 6*s**2 + 8. Let y = -5 - -29. Suppose -4*f + y = -0. What is the units digit of g(f)?
8
Suppose -3*j = -0*m - 4*m + 12, 0 = 5*m - 15. Let t be 5 - (-3)/(-9)*j. Suppose -t*c + 20 = 0, 4*i - i - 23 = -5*c. What is the units digit of i?
1
Let o(c) = 2*c. Let u be o(2). Suppose -28 = -3*k + 2*n + 3, 48 = u*k - n. What is the tens digit of k?
1
Let u(m) = -m**2 - 10*m - 12. Let z = 192 + -276. Let b be z/10 - 4/(-10). What is the units digit of u(b)?
4
Let b = 100 - 70. What is the units digit of b?
0
Suppose 0 = a - 3 - 2. Suppose -76 = -4*u - a*s + 9, 5*u - 134 = 3*s. What is the tens digit of u?
2
Suppose -29 = -4*y - 13. Let t be 200/(-6) - y/6. What is the units digit of 3/9 + t/(-6)?
6
Let d(a) = -a**3 - 4*a**2 - 4*a + 1. Let b(g) = -g**2 + g - 1. Let v be b(0). Let m(q) = 4*q**3 + q**2 - q - 1. Let x be m(v). What is the units digit of d(x)?
4
Let w(n) = n**3 - 2*n**2 - 3*n + 5. What is the units digit of w(4)?
5
Let d be (-12 - -8)/(2*1). Let w = 12 - d. What is the tens digit of w?
1
Suppose -4*u - 6 = 18. Let a = -6 - u. Suppose a = 3*j - 37 - 11. What is the units digit of j?
6
Let h = -4 + 10. Suppose 0*w + w = h. What is the units digit of w?
6
Suppose -4*d + 30 - 3 = -v, -3*v + 39 = 3*d. Suppose -5*z - d = -s - 2*s, 3*z = 4*s + 4. Let a(k) = k**3 + 5*k**2 + 2*k - 1. What is the units digit of a(s)?
7
Suppose -4*q = -5*q + 30. What is the tens digit of q?
3
Let p be 1/((-1)/(-52)) - 0. Let m = p - 37. What is the tens digit of m?
1
Suppose -4*k + 106 = -118. What is the tens digit of k?
5
Let h = 11 + -7. Suppose 4 = 5*s - 1, x - 2*s = 9. Let k = x - h. What is the units digit of k?
7
Suppose 15 = -f + 2*f. What is the units digit of f?
5
Suppose -4*v = -53 - 39. Suppose v = 5*s + 103. Let h = s + 23. What is the units digit of h?
7
Let d(o) = 9*o - 2. Let u be d(-2). What is the tens digit of 12/u - (-234)/15?
1
Let o(k) = k**3 + 4*k**2 + 4*k + 4. Let a be o(-3). Let h = -4 + 4. What is the units digit of h/(-3) + 2/a?
2
Suppose 2*y = 4*y - 86. What is the tens digit of y?
4
Let x = 5 + 1. What is the units digit of 10 - 2/(x/3)?
9
Let h(q) = 17*q + 29. What is the units digit of h(6)?
1
Suppose -14 = -l + 7. What is the tens digit of ((-119)/l)/(2/(-6))?
1
Let g(w) = 4*w - 1. What is the tens digit of g(6)?
2
Let n be 1/(1 + 0) - 20. Let f = 32 + n. What is the units digit of f?
3
Suppose 0*i - 3*i + 90 = 0. What is the tens digit of i?
3
Suppose -19 - 89 = -4*n. What is the units digit of n?
7
Let k(g) = 45*g**2. Let u be k(1). Let x be u/1*2/2. Suppose 0 = 6*i - i - x. What is the units digit of i?
9
Suppose 3*k + 1 = 7, -4*k - 6 = 2*z. Let b(l) = -l**3 - 7*l**2 - 2*l - 10. Let v be b(z). Suppose -m - v = -5*m. What is the units digit of m?
1
Suppose 0 = -3*l - 12 - 0. What is the units digit of (l/(-6))/((-8)/(-12))?
1
Suppose -4*u = -5*u. Suppose u = -2*n + n + 28. What is the tens digit of n?
2
Let z be 1/3*3*-2. What is the units digit of (3 - 5/z)*8?
4
Let k = -70 - -172. Suppose -4*a = -a - k. What is the units digit of a?
4
Let j(z) = -4 + 5*z + 5 + 2 - z**2. What is the units digit of j(4)?
7
Let j be 169/7 + 1/(-7). Let a = 4 - -3. Suppose 2*u = -2*n + a*u + 4, -j = -2*n - 5*u. What is the units digit of n?
7
Let w(z) = -z**2 - z + 1. Let g(o) = -o**3 - 3*o**2. Let j(p) = -g(p) - 4*w(p). Suppose 0 = 4*n - 12, 0 = 4*b - 2*b + 4*n. What is the units digit of j(b)?
8
Let l = -34 + 54. What is the units digit of l?
0
Let i be (1/(-2))/((-1)/6). Let h be (1/2)/(i/24). Suppose -h*s = -4*x + 44, 1 = x + s - 4. What is the units digit of x?
8
Suppose 0 = y + 3*o - 33, -183 = -5*y + 6*o - 3*o. What is the tens digit of y?
3
Let c(m) = m**3 - 10*m**2 + m - 6. Let q be c(10). Suppose 5 - q = l. What is the units digit of l?
1
What is the units digit of -3 - -27 - (-2 + 0)?
6
Suppose -2*q = -4*t, 0*q - 4*q + 15 = -3*t. Let y(i) = 4 + 0 + 3*i**2 - q*i + 0 - 4*i**2. What is the units digit of y(-6)?
4
Let s = 37 + 207. What is the units digit of s?
4
Let y(p) = 14*p**3 - 2*p**2 + p. What is the tens digit of y(1)?
1
Let d(q) = 28*q**2 + 14*q - 31. What is the hundreds digit of d(3)?
2
What is the units digit of (30/35)/(6/21)?
3
Let c(i) be the second derivative of i**3/3 + i**2/2 - i. Let z be c(-6). Let n = z - -16. What is the units digit of n?
5
Let j(c) = c**2 - 2*c + 1. Let a be j(2). Let p(o) = -9*o + 1. Let i(h) = 8*h - 1. Let u(r) = 4*i(r) + 3*p(r). What is the units digit of u(a)?
4
Suppose -2*v = v - 2*f - 221, -4*f - 77 = -v. What is the units digit of v?
3
Suppose 0 = -3*o + 1 + 5. What is the units digit of o?
2
Let p be 19/(-7) - (-6)/(-21). Let z(s) = s**2. What is the units digit of z(p)?
9
Let g = 3 + 21. What is the tens digit of g?
2
Suppose -138 = -10*z + 182. What is the units digit of z?
2
Let k = -7 + 22. What is the tens digit of k?
1
Suppose 4*o + 2*g - 824 = 0, 71 = 5*o + 2*g - 960. What is the hundreds digit of o?
2
Let r(t) = 37*t**2 + 5*t + 4. What is the tens digit of r(-1)?
3
Suppose -h = 3*h + k - 944, -h + 236 = 2*k. What is the hundreds digit of h?
2
Let f = 24 + -16. Suppose 0 = g - 1 - f. Suppose 2*s + o - 8 - g = 0, 4*o = -2*s + 32. What is the units digit of s?
6
Let y = -358 - -647. What is the units digit of y?
9
Let s(m) = -1 + 9*m - 10*m - 1. What is the units digit of s(-6)?
4
What is the units digit of ((-1)/3)/(5/(-300))?
0
Suppose 78 = 2*h - 32. What is the tens digit of h?
5
Suppose 0 = 4*a - 15 - 17. What is the units digit of a?
8
Let h be (0/((-2)/1))/(-2). Suppose 0*n - 5*n + 15 = h. Suppose n*z - 24 - 15 = 0. What is the tens digit of z?
1
Suppose -3*d = -j - 112, 5*j + 169 - 16 = 4*d. What is the tens digit of d?
3
What is the units digit of 4/12*(-2 + 23)?
7
Suppose 0*g - 40 = -2*g - 5*x, -10 = -g - 5*x. What is the tens digit of g?
3
Suppose -3*v + 90 = 3*v. Suppose -5*i + l = -i - v, 5*i + 3*l - 23 = 0. What is the units digit of i?
4
Let u = 6 - 1. Suppose 6 = u*h - 4*h. What is the units digit of h?
6
Let p(c) = 3 + c - 1 + 8. What is the units digit of p(-8)?
2
Suppose 2 = 2*x - f, -5*x - f + 6 = 1. Let q(n) = 7*n**2 - 1. What is the units digit of q(x)?
6
Let v(p) = -4 - 3*p + 2 - 1 - 2. What is the units digit of v(-12)?
1
Suppose -3*s + 6 = 36. What is the units digit of (-128)/s + 16/(-20)?
2
Suppose -3*w + 5 = -2*w. Let o(i) = -i**3 + 5*i**2 - i + 7. Let n be o(w). Suppose -n*p = 3*f + 8 - 20, 5*p - 4*f = 30. What is the units digit of p?
6
Suppose -5*i + 4*s = -37, s = -5*i + 59 - 12. Suppose d - 7 = -5*q, 5*q - 16 = 2*d - 0*d. Let w = i + q. What is the tens digit of w?
1
Suppose 0 = 4*y - 0*k + 2*k - 26, -40 = -5*y - 4*k. Suppose 2*a + 6 = y*d, 24 = 3*d + 6*a - a. Let v = -2 + d. What is the units digit of v?
1
Suppose -179 - 157 = -4*s. Suppose -s = -5*h + 186. What is the tens digit of h?
5
Let c(p) = -p + 1. Let y(s) = -3*s + 6. Let j(a) = -2*c(a) + y(a). Let o be j(0). L